46)/k + (-2)/3.
7
Let v = -4 - -41. List the prime factors of v.
37
List the prime factors of (-78)/(-9)*(-54)/(-12).
3, 13
Let p(u) = -10*u - 10. What are the prime factors of p(-8)?
2, 5, 7
Suppose 618 = -12*v + 3282. What are the prime factors of v?
2, 3, 37
Suppose -v = v. Suppose v = -9*m + 5*m + 8. Suppose m = -3*u + 14. List the prime factors of u.
2
Let h = -10 - -18. Suppose -h*k = -3*k - 10. What are the prime factors of (k - 6/(-4))*4?
2, 7
Suppose 53 + 4 = m. List the prime factors of m.
3, 19
Suppose -61 = -2*r + 121. List the prime factors of r.
7, 13
Suppose 0 = m - 51 + 10. Let s = m - 21. What are the prime factors of s?
2, 5
Let k(x) = -x**2 - 16*x + 20. What are the prime factors of k(-10)?
2, 5
Let l = 22 - -11. List the prime factors of l.
3, 11
Let u(w) = w**3 - 7*w**2 + 2*w. Let s be u(7). Suppose -4*x - 7 = -3*c, 2*x = 4*c - 6*c - s. What are the prime factors of x/26 + 56/26?
2
Let a = 2 + 0. Suppose 2*d = -a*t + 44, -d - 5*t + 34 = -0*t. List the prime factors of d.
19
Suppose 0 = 4*p + 9 + 55. Let o be p/(-5) - (-3)/(-15). Suppose -2*w = o*g - 44, 5*g + 2*w - 46 - 22 = 0. List the prime factors of g.
2, 3
Let c(x) = 2*x - 5. Let u(g) = -1. Let q(s) = c(s) + 2*u(s). Let d be q(6). Suppose d*r + 53 = 4*j - 0*r, -2*j - 4*r + 20 = 0. What are the prime factors of j?
2, 3
Suppose 2*k = -g + 48, 4*k - 98 + 2 = 5*g. Suppose 0*j = 2*j - k. What are the prime factors of 8/j - (-50)/6?
3
Let s(i) = i**3 + 6*i**2 + 2. Let f be s(-6). List the prime factors of (-1)/(14/8 - f).
2
Let c = 38 + -18. List the prime factors of c.
2, 5
Let x(g) = -g**3 - 5*g**2 + g + 8. What are the prime factors of x(-6)?
2, 19
Suppose -j + 484 = 3*j. Suppose 4*f + 8*u = 3*u + j, f - 33 = -4*u. What are the prime factors of f?
29
Suppose o - 8 = 16. List the prime factors of o.
2, 3
Let j(m) = m**2 + 5*m + 2. Let a be j(-5). Suppose a*p = -3*b + 51, p + 0*p - 31 = 4*b. What are the prime factors of p?
3
Let v be (-1)/((-2)/2) + 2. List the prime factors of v - 2 - (-3)/1.
2
Let w = -1 + -4. Let a = -9 - w. What are the prime factors of a/(-5)*5/2?
2
Let a(p) be the third derivative of p**5/15 - p**4/24 + p**3/6 + 3*p**2. List the prime factors of a(1).
2
List the prime factors of ((-106)/4)/((-9)/36).
2, 53
Let c be (8/6 + 3)*3. Let v = c - 10. List the prime factors of v.
3
Let j = -52 + 69. List the prime factors of j.
17
Let z(x) = -2*x**3 - 4*x**2 - 4*x. Let f be z(-4). Suppose -2*r + 98 = -2*j, 6*j = -2*r + 2*j + f. What are the prime factors of r?
2, 23
List the prime factors of 3*-27*(-26)/39.
2, 3
Let o = -40 + 24. Let r = 38 + o. What are the prime factors of r?
2, 11
Suppose -3*h = -2*h - 5. List the prime factors of 1/h - 296/(-20).
3, 5
Let v(t) = -44*t**2 - t - 1. Let x be v(-1). Let w(h) = -h**3 + 3*h**2 + 5*h - 2. Let z be w(4). What are the prime factors of (x/12)/(z/(-6))?
11
Suppose -7*l + 3 = g - 2*l, 3*g = -4*l + 9. Suppose -8 + g = -5*h + 5*m, 2*m + 8 = 5*h. Let t = h + 4. What are the prime factors of t?
2, 3
Let w = -22 - -31. Suppose 3*n = w*n - 198. List the prime factors of n.
3, 11
Suppose 5*k = -32 - 43. List the prime factors of 3*k/(-6)*2.
3, 5
Let p(f) = 4*f - 4*f + 2 - 2*f. Let t be 4/10 - (-44)/(-10). What are the prime factors of p(t)?
2, 5
Let v be 155/10*(3 - 1). Suppose -3*m - 2*j + 4*j + 38 = 0, m + 3*j - v = 0. Let n = -5 + m. What are the prime factors of n?
11
Let u(l) = 6*l + 3. Let d be u(-5). Let c = 38 + d. List the prime factors of c.
11
Suppose 0 = -5*y - 20, 2*b - 3*y + 2*y = 0. List the prime factors of 2/(b/(2 - 6)).
2
Let k = 10 - 5. List the prime factors of 2/k + 46/10.
5
Let y(r) = r**2 - 8*r - 28. What are the prime factors of y(13)?
37
Suppose -5*t = 2*m - 15, t = -t - 5*m + 27. What are the prime factors of ((-4)/5)/(t/(-20))?
2
Let b = 42 - -11. Suppose -3*i + 1 = -b. What are the prime factors of i?
2, 3
Let v = 6 + -4. Let p be (0 + 1/v)*4. Suppose -p = y - 11. What are the prime factors of y?
3
Let j = -1 - -1. Suppose 2*u + 5*f - 5 - 8 = j, u + f = 5. List the prime factors of u.
2
Suppose 4*a - 606 - 526 = -5*x, -a - 3*x + 276 = 0. What are the prime factors of a?
2, 3
Suppose -3 - 9 = 4*i, 2*i = 2*c - 14. Suppose -g = -f + 2, -g + 7 = c*f - 6*g. List the prime factors of f.
3
Let m(j) = -5*j - 5. List the prime factors of m(-8).
5, 7
Suppose -21 + 3 = 2*t - 2*b, 0 = 3*b - 6. Suppose 3*k - 26 = -2*l + l, 0 = -3*l + 4*k + 13. Let q = l + t. List the prime factors of q.
2
What are the prime factors of 2/8 - (-7965)/60?
7, 19
Let b = 47 + 8. List the prime factors of b.
5, 11
Let s(x) = -2*x**2 - 2*x + 90. What are the prime factors of s(0)?
2, 3, 5
Suppose -s + 5*a = -2 - 25, -14 = -2*s + 2*a. Let d(h) = h**3 + h**2 - 3*h + 3. List the prime factors of d(s).
3
Let y = -5 + 17. Let s be (y/(-15))/(2/(-5)). Let j(f) = 2*f**2 + 2. List the prime factors of j(s).
2, 5
Let w = 2 + 0. Suppose -w*q - 10 = -2*h - 2*h, 5*h - 6 = -4*q. Suppose -h*c + 20 = 3*c, -5*p + c + 26 = 0. What are the prime factors of p?
2, 3
Let g(f) = -25*f - 6. What are the prime factors of g(-2)?
2, 11
Suppose 0 = 5*s + 21 + 9. Let h be (34/s)/((-2)/6). Suppose -2*f = -7 - h. List the prime factors of f.
2, 3
Let t(u) = 8*u - 7. Let m be t(5). Suppose 15 + m = 3*l. List the prime factors of l.
2
Let f(o) = -3*o + 3. Let d(j) = 7*j - 5. Let x(q) = -3*d(q) - 5*f(q). Let y be x(-4). List the prime factors of (-2 - y/(-2))/2.
5
List the prime factors of 3/(4/318*45/20).
2, 53
Suppose -5*b = -p - 0*p, 2*b - 2*p = 0. Suppose s - 17 + 2 = b. What are the prime factors of s?
3, 5
Let t = 12 + 19. What are the prime factors of t?
31
Suppose -3*m + t = 123, -t + 43 = -3*m + 2*m. Let z = m + 71. List the prime factors of z.
31
Suppose 0 = -2*s - 234 + 578. Suppose 3*f + 37 - s = 0. Suppose 0 = -r + 6*r - f. List the prime factors of r.
3
Let m(j) = -j**3 - 6*j**2 + 6*j - 5. Let t be m(-7). What are the prime factors of t + -2 - -10 - -1?
11
Let i(d) = -4 + 1 + 2*d + 4. Let x be i(3). Suppose 4*z - x*o - 53 = -4*o, 3*o = -3*z + 24. What are the prime factors of z?
11
Let d = -6 - -23. Let z = 33 - d. What are the prime factors of z?
2
Suppose 5*k + 8 = -w - 0*k, -2*k + 8 = 2*w. Suppose i = 2*i - w. What are the prime factors of i?
7
Suppose -5 = 2*x - 3*x. Suppose 2*u = x*u - 87. List the prime factors of u.
29
Let q = 284 + -117. List the prime factors of q.
167
Let f(u) = 12*u - 15 + 15. List the prime factors of f(1).
2, 3
Suppose 0*x + 283 = w - 2*x, -2*w + 561 = -3*x. What are the prime factors of w?
3, 7, 13
Let a = 14 + 3. What are the prime factors of a?
17
Let z = 43 - 21. Suppose 0 = m + 2*m + 2*i - z, i - 21 = -4*m. Suppose m*d - 4*a - 68 = 0, 0 = d - 4*d + 2*a + 48. What are the prime factors of d?
2, 7
Let h(b) = 3*b**3 - 7*b**2 + 9*b - 8. List the prime factors of h(4).
2, 3
Let o(u) = -7*u**3 - 24*u**2 - 15*u - 19. Let y(z) = 4*z**3 + 12*z**2 + 7*z + 10. Let n(s) = -3*o(s) - 5*y(s). List the prime factors of n(-11).
2, 3
Suppose 0 = 4*t - 4. Let x(o) = 13*o**3 - o + 1. Let f be x(t). Suppose m + 6 = f. List the prime factors of m.
7
Let h(o) = -o**2 - 8*o + 5. Let s be h(-8). Suppose t = 3*w + 2*w + 62, 2*t = s*w + 104. List the prime factors of t.
2, 3, 7
Suppose 0 = -2*r + z + 229, 4*z - 16 = 4. What are the prime factors of r?
3, 13
Suppose 4 = 3*n - 23. List the prime factors of 2 - (1 - 2)*n.
11
Let s = 6 - 3. Suppose -s*q = -6*q + 39. Let d = q + -7. List the prime factors of d.
2, 3
Let i(y) = -y**3 - 7*y**2 - 9*y - 9. Let w be i(-6). What are the prime factors of (6/w)/(4/42)?
7
Suppose 4*o + 2 = 4*t + t, -3*t = -5*o - 9. Let u = 1 - o. What are the prime factors of u?
2
Let w = -10 + 16. Suppose i - w = -i. Let t(x) = 2*x**2 - 2*x + 3. What are the prime factors of t(i)?
3, 5
Let v(t) = -t**2 - 4*t - 1. Let o be v(-2). Suppose -6 = -o*i + i. Suppose 0 = i*r - c - 43, -3 = -c - 1. List the prime factors of r.
3, 5
Let h be (-4)/6 + 10/15. Suppose h = 4*f - 2*f + 2*p - 40, -p + 92 = 4*f. List the prime factors of f.
2, 3
Suppose -6*f + f + 197 = -j, 172 = 4*f + 4*j. List the prime factors of f.
2, 5
List the prime factors of (-42)/(-4) + 19/(-38).
2, 5
Let r(p) = p + 4*p - 6*p - 6 + 2*p. What are the prime factors of r(9)?
3
Let a = 26 + 21. What are the prime factors of a?
47
Let n be 120 + -2 - (-1 - 1). S